39387?
2
What is the remainder when 12987297 is divided by 20?
17
Calculate the remainder when 3191140 is divided by 431.
16
What is the remainder when 2211552 is divided by 2211541?
11
Calculate the remainder when 61548 is divided by 4158.
3336
Calculate the remainder when 11990238 is divided by 8.
6
Calculate the remainder when 125632981 is divided by 25126596.
1
Calculate the remainder when 7696618 is divided by 26.
20
What is the remainder when 18706042 is divided by 83?
0
Calculate the remainder when 2941042 is divided by 744.
10
What is the remainder when 87403 is divided by 12446?
281
What is the remainder when 237566418 is divided by 26?
24
What is the remainder when 531813 is divided by 832?
165
What is the remainder when 294252 is divided by 73489?
296
Calculate the remainder when 7041707 is divided by 125.
82
Calculate the remainder when 3398823 is divided by 115.
113
What is the remainder when 69499 is divided by 6946?
39
Calculate the remainder when 2991539 is divided by 499.
34
What is the remainder when 162602 is divided by 774?
62
What is the remainder when 400514 is divided by 57215?
9
What is the remainder when 132148 is divided by 524?
100
What is the remainder when 10154872 is divided by 360?
352
What is the remainder when 13715990 is divided by 48?
38
Calculate the remainder when 1054070 is divided by 350588.
2306
What is the remainder when 24947964 is divided by 123?
120
What is the remainder when 189528 is divided by 4859?
27
What is the remainder when 18652508 is divided by 1583?
19
What is the remainder when 683945 is divided by 45?
35
What is the remainder when 2405471 is divided by 7202?
3
Calculate the remainder when 32463487 is divided by 103.
50
Calculate the remainder when 7818560 is divided by 3392.
0
Calculate the remainder when 3392177 is divided by 847965.
317
Calculate the remainder when 38733 is divided by 6441.
87
What is the remainder when 4798374 is divided by 1669?
1668
Calculate the remainder when 11376369 is divided by 425.
394
Calculate the remainder when 44629796 is divided by 512986.
14
What is the remainder when 17463 is divided by 2306?
1321
What is the remainder when 98344 is divided by 49158?
28
Calculate the remainder when 1279435765 is divided by 1174.
1173
Calculate the remainder when 7955597 is divided by 1591111.
42
Calculate the remainder when 5065807 is divided by 1089.
868
Calculate the remainder when 87894321 is divided by 36.
33
What is the remainder when 36928118 is divided by 4285?
4273
Calculate the remainder when 17792605 is divided by 2036.
1
What is the remainder when 197757 is divided by 4708?
21
Calculate the remainder when 4094265 is divided by 818847.
30
Calculate the remainder when 197861 is divided by 3366.
2633
What is the remainder when 1340743 is divided by 223457?
1
Calculate the remainder when 672255 is divided by 331.
325
Calculate the remainder when 14600717 is divided by 1035.
1007
Calculate the remainder when 27776 is divided by 13573.
630
What is the remainder when 13612 is divided by 4487?
151
What is the remainder when 13059124 is divided by 13059106?
18
What is the remainder when 7343595 is divided by 311?
263
Calculate the remainder when 45428567 is divided by 55.
52
What is the remainder when 211701880 is divided by 211701878?
2
What is the remainder when 598974 is divided by 199651?
21
Calculate the remainder when 62932 is divided by 62872.
60
What is the remainder when 47701144 is divided by 9540226?
14
Calculate the remainder when 58095 is divided by 2186.
1259
Calculate the remainder when 8217817 is divided by 2910.
2887
What is the remainder when 76074103 is divided by 67984?
7
What is the remainder when 56605619 is divided by 29?
26
Calculate the remainder when 40012587 is divided by 11.
10
What is the remainder when 74741196 is divided by 1554?
12
What is the remainder when 362265 is divided by 118289?
7398
Calculate the remainder when 2670195 is divided by 89.
17
What is the remainder when 1337481 is divided by 33437?
1
What is the remainder when 763017 is divided by 8656?
1289
What is the remainder when 18981717 is divided by 31689?
6
What is the remainder when 2356499 is divided by 117808?
339
What is the remainder when 287280 is divided by 15243?
12906
What is the remainder when 3490822 is divided by 1163570?
112
Calculate the remainder when 877805155 is divided by 6677.
6673
Calculate the remainder when 13839733 is divided by 4868.
9
What is the remainder when 26224028 is divided by 346?
342
Calculate the remainder when 36442492 is divided by 7.
2
What is the remainder when 13520 is divided by 710?
30
What is the remainder when 1411686 is divided by 9803?
54
Calculate the remainder when 8349252 is divided by 7402.
7198
What is the remainder when 17576362 is divided by 836969?
13
What is the remainder when 2202487 is divided by 440457?
202
What is the remainder when 12746664 is divided by 52027?
49
What is the remainder when 223894 is divided by 4826?
1898
What is the remainder when 77283 is divided by 898?
55
Calculate the remainder when 38226 is divided by 9531.
102
Calculate the remainder when 154975 is divided by 4784.
1887
Calculate the remainder when 13061321 is divided by 4353755.
56
What is the remainder when 601646 is divided by 16712?
14
What is the remainder when 1667970 is divided by 1667951?
19
Calculate the remainder when 36908808 is divided by 3160.
8
Calculate the remainder when 4086542 is divided by 58.
36
What is the remainder when 5825127 is divided by 691?
688
What is the remainder when 1710853 is divided by 286?
1
Calculate the remainder when 8043230 is divided by 139.
134
Calculate the remainder when 27864386 is divided by 965.
11
What is the remainder when 111498 is divided by 145?
138
Calculate the remainder when 904739 is divided by 129244.
31
What is the remainder when 34309464 is divided by 29?
28
What is the remainder when 233352 is divided by 10601?
130
Calculate the remainder when 601743 is divided by 9397.
335
What is the remainder when 6811883 is divided by 25229?
53
Calculate the remainder when 53537538 is divided by 82.
66
Calculate the remainder when 40954914 is divided by 225027.
0
Calculate the remainder when 3038374677 is divided by 13926.
13923
What is the remainder when 6074 is divided by 733?
210
Calculate the remainder when 28033503 is divided by 578.
503
What is the remainder when 205374 is divided by 7569?
1011
What is the remainder when 7392 is divided by 85?
82
Calculate the remainder when 82580 is divided by 2846.
46
What is the remainder when 7232465 is divided by 1881?
20
What is the remainder when 11894656 is divided by 23?
22
Calculate the remainder when 75926428 is divided by 16.
12
What is the remainder when 553424 is divided by 141?
140
Calculate the remainder when 1545875 is divided by 39.
32
What is the remainder when 146918 is divided by 73371?
176
What is the remainder when 6714145 is divided by 395?
330
Calculate the remainder when 1952632 is divided by 747.
721
What is the remainder when 16071054 is divided by 7468?
7386
What is the remainder when 5084570 is divided by 149?
94
Calculate the remainder when 1207084 is divided by 201174.
40
What is the remainder when 874868 is divided by 53?
50
What is the remainder when 142357547 is divided by 5836?
5835
Calculate the remainder when 373096 is divided by 205.
201
Calculate the remainder when 28702383 is divided by 19.
14
What is the remainder when 419973 is divided by 110?
103
What is the remainder when 2401669 is divided by 2401623?
46
What is the remainder when 677921 is divided by 8474?
1
What is the remainder when 2944957 is divided by 43308?
13
Calculate the remainder when 2101817 is divided by 5591.
5192
What is the remainder when 489473 is divided by 388?
205
Calculate the remainder when 94742 is divided by 31564.
50
What is the remainder when 286631 is divided by 286319?
312
What is the remainder when 2412763 is divided by 26211?
1351
What is the remainder when 2104578 is divided by 77947?
9
Calculate the remainder when 5604760 is divided by 140118.
40
Calculate the remainder when 161765167 is divided by 12.
7
What is the remainder when 984503 is divided by 492218?
67
Calculate the remainder when 2576991 is divided by 33.
21
Cal